{"id":2859,"date":"2025-04-08T18:25:33","date_gmt":"2025-04-08T18:25:33","guid":{"rendered":"https:\/\/surti-ort.cl\/?post_type=product&#038;p=2859"},"modified":"2026-02-23T22:19:43","modified_gmt":"2026-02-23T22:19:43","slug":"geringas-desechables-cranberry-1ml-3ml-5ml-10ml-20ml-60ml-luer-lock","status":"publish","type":"product","link":"https:\/\/surti-ort.cl\/index.php\/product\/geringas-desechables-cranberry-1ml-3ml-5ml-10ml-20ml-60ml-luer-lock\/","title":{"rendered":"GERINGAS DESECHABLES CRANBERRY  1ML, 3ML, 5ML, 10ML, 20ML, 60ML  Luer Lock"},"content":{"rendered":"","protected":false},"excerpt":{"rendered":"<p>Dispositivo m\u00e9dico est\u00e9ril y desechable, la jeringa consiste en un \u00e9mbolo insertado en un cuerpo que tiene una peque\u00f1a apertura en uno de sus extremos. La conecci\u00f3n Luer lock asegura ser firme y segura entre la aguja y el cuerpo de la jeringa. Son utilizadas para administrar medicamentos y soluciones por v\u00eda endovenosa, intramuscular y oral (sin el uso de la aguja en este \u00faltimo caso). Producto desechable, no reutilizar.<\/p>\n<p><strong>Unidad de venta:\u00a0<\/strong>caja x 100 unidades.<\/p>\n","protected":false},"featured_media":2866,"comment_status":"open","ping_status":"closed","template":"","meta":{"_monsterinsights_skip_tracking":false,"_monsterinsights_sitenote_active":false,"_monsterinsights_sitenote_note":"","_monsterinsights_sitenote_category":0},"product_brand":[],"product_cat":[98,146,148,173],"product_tag":[],"class_list":{"0":"post-2859","1":"product","2":"type-product","3":"status-publish","4":"has-post-thumbnail","6":"product_cat-ayudas-tecnicas","7":"product_cat-cuidado-de-heridas-ayudas-tecnicas","8":"product_cat-heridas","9":"product_cat-insumos-medicos","10":"pa_talla-10ml","11":"pa_talla-20ml","12":"pa_talla-3ml","13":"pa_talla-5ml","14":"pa_talla-60ml","16":"first","17":"instock","18":"sale","19":"taxable","20":"shipping-taxable","21":"purchasable","22":"product-type-variable"},"_links":{"self":[{"href":"https:\/\/surti-ort.cl\/index.php\/wp-json\/wp\/v2\/product\/2859","targetHints":{"allow":["GET"]}}],"collection":[{"href":"https:\/\/surti-ort.cl\/index.php\/wp-json\/wp\/v2\/product"}],"about":[{"href":"https:\/\/surti-ort.cl\/index.php\/wp-json\/wp\/v2\/types\/product"}],"replies":[{"embeddable":true,"href":"https:\/\/surti-ort.cl\/index.php\/wp-json\/wp\/v2\/comments?post=2859"}],"wp:featuredmedia":[{"embeddable":true,"href":"https:\/\/surti-ort.cl\/index.php\/wp-json\/wp\/v2\/media\/2866"}],"wp:attachment":[{"href":"https:\/\/surti-ort.cl\/index.php\/wp-json\/wp\/v2\/media?parent=2859"}],"wp:term":[{"taxonomy":"product_brand","embeddable":true,"href":"https:\/\/surti-ort.cl\/index.php\/wp-json\/wp\/v2\/product_brand?post=2859"},{"taxonomy":"product_cat","embeddable":true,"href":"https:\/\/surti-ort.cl\/index.php\/wp-json\/wp\/v2\/product_cat?post=2859"},{"taxonomy":"product_tag","embeddable":true,"href":"https:\/\/surti-ort.cl\/index.php\/wp-json\/wp\/v2\/product_tag?post=2859"}],"curies":[{"name":"wp","href":"https:\/\/api.w.org\/{rel}","templated":true}]}}