{"id":2744,"date":"2025-04-03T16:56:52","date_gmt":"2025-04-03T16:56:52","guid":{"rendered":"https:\/\/surti-ort.cl\/?post_type=product&#038;p=2744"},"modified":"2025-04-03T16:56:52","modified_gmt":"2025-04-03T16:56:52","slug":"ferula-de-dedo-c-blunding","status":"publish","type":"product","link":"https:\/\/surti-ort.cl\/index.php\/product\/ferula-de-dedo-c-blunding\/","title":{"rendered":"FERULA DE DEDO (C) BLUNDING"},"content":{"rendered":"","protected":false},"excerpt":{"rendered":"<p>F\u00e9rulas inmovilizadora de dedo fabricada en aluminio y cubierto con espuma de poliuretano. Indicaci\u00f3n: Inmovilizaci\u00f3n de Dedo. Inmoviliza la articulaciones interfal\u00e1ngicas. Tratamiento postquir\u00fargico y esguinces de ligamentos colaterales. *Blunding recomienda utilizar este producto bajo prescripci\u00f3n m\u00e9dica. Aluminio Espuma Poliuretano protectora<\/p>\n","protected":false},"featured_media":2745,"comment_status":"open","ping_status":"closed","template":"","meta":{"_monsterinsights_skip_tracking":false,"_monsterinsights_sitenote_active":false,"_monsterinsights_sitenote_note":"","_monsterinsights_sitenote_category":0},"product_brand":[],"product_cat":[98,85,94],"product_tag":[],"class_list":{"0":"post-2744","1":"product","2":"type-product","3":"status-publish","4":"has-post-thumbnail","6":"product_cat-ayudas-tecnicas","7":"product_cat-fijador-de-dedo","8":"product_cat-ortopedia-y-rehabilitacion","9":"pa_talla-talla-l","10":"pa_talla-talla-m","11":"pa_talla-talla-s","12":"pa_talla-talla-xl","14":"first","15":"instock","16":"taxable","17":"shipping-taxable","18":"purchasable","19":"product-type-variable"},"_links":{"self":[{"href":"https:\/\/surti-ort.cl\/index.php\/wp-json\/wp\/v2\/product\/2744","targetHints":{"allow":["GET"]}}],"collection":[{"href":"https:\/\/surti-ort.cl\/index.php\/wp-json\/wp\/v2\/product"}],"about":[{"href":"https:\/\/surti-ort.cl\/index.php\/wp-json\/wp\/v2\/types\/product"}],"replies":[{"embeddable":true,"href":"https:\/\/surti-ort.cl\/index.php\/wp-json\/wp\/v2\/comments?post=2744"}],"wp:featuredmedia":[{"embeddable":true,"href":"https:\/\/surti-ort.cl\/index.php\/wp-json\/wp\/v2\/media\/2745"}],"wp:attachment":[{"href":"https:\/\/surti-ort.cl\/index.php\/wp-json\/wp\/v2\/media?parent=2744"}],"wp:term":[{"taxonomy":"product_brand","embeddable":true,"href":"https:\/\/surti-ort.cl\/index.php\/wp-json\/wp\/v2\/product_brand?post=2744"},{"taxonomy":"product_cat","embeddable":true,"href":"https:\/\/surti-ort.cl\/index.php\/wp-json\/wp\/v2\/product_cat?post=2744"},{"taxonomy":"product_tag","embeddable":true,"href":"https:\/\/surti-ort.cl\/index.php\/wp-json\/wp\/v2\/product_tag?post=2744"}],"curies":[{"name":"wp","href":"https:\/\/api.w.org\/{rel}","templated":true}]}}