{"id":2689,"date":"2025-03-28T14:03:38","date_gmt":"2025-03-28T14:03:38","guid":{"rendered":"https:\/\/surti-ort.cl\/?post_type=product&#038;p=2689"},"modified":"2025-04-03T15:55:43","modified_gmt":"2025-04-03T15:55:43","slug":"panty-varimed-70-compresion-graduada-11-14-mmhg-c11","status":"publish","type":"product","link":"https:\/\/surti-ort.cl\/index.php\/product\/panty-varimed-70-compresion-graduada-11-14-mmhg-c11\/","title":{"rendered":"Panty Varimed 70 compresi\u00f3n graduada 11-14 mmHg &#8211; C11"},"content":{"rendered":"","protected":false},"excerpt":{"rendered":"<p>Panty con calz\u00f3n cintura enmallada que no aprieta.<br \/>\nLa compresi\u00f3n graduada ejerce un micro masaje estimulando la circulaci\u00f3n de la sangre en las piernas.<br \/>\nRecomendada para prevenir la aparici\u00f3n de v\u00e1rices, ara\u00f1itas vasculares, descanso e hinchaz\u00f3n de piernas o viajes mayores a 4 horas. Tambi\u00e9n cuando usas por primera vez terapia de compresi\u00f3n.<br \/>\nEl tal\u00f3n anat\u00f3mico y el prehormado (forma de la pierna) garantizan un calce perfecto y adecuados niveles de compresi\u00f3n.Uso diario. Revisa la gu\u00eda de tallas.<br \/>\nDispositivo m\u00e9dico certificado CE<br \/>\nFabricado en Italia<\/p>\n","protected":false},"featured_media":2690,"comment_status":"open","ping_status":"closed","template":"","meta":{"_monsterinsights_skip_tracking":false,"_monsterinsights_sitenote_active":false,"_monsterinsights_sitenote_note":"","_monsterinsights_sitenote_category":0},"product_brand":[],"product_cat":[110,108,109,106,155,149,113,97,111],"product_tag":[],"class_list":{"0":"post-2689","1":"product","2":"type-product","3":"status-publish","4":"has-post-thumbnail","6":"product_cat-botas-de-descarga-para-ulceras-plantares","7":"product_cat-calcetines-para-diabeticos","8":"product_cat-cuidado-de-heridas","9":"product_cat-cuidado-de-pies","10":"product_cat-media-de-compresion","11":"product_cat-plantillas","12":"product_cat-rodilla","13":"product_cat-tobillo-y-pie-ortopedia-y-rehabilitacion","14":"product_cat-zapatos-de-descarga-para-ulceras-plantares","15":"pa_talla-01-xs","16":"pa_talla-02-s","17":"pa_talla-03-m","18":"pa_talla-04-l","19":"pa_talla-05-xl","21":"first","22":"instock","23":"sale","24":"taxable","25":"shipping-taxable","26":"purchasable","27":"product-type-variable"},"_links":{"self":[{"href":"https:\/\/surti-ort.cl\/index.php\/wp-json\/wp\/v2\/product\/2689","targetHints":{"allow":["GET"]}}],"collection":[{"href":"https:\/\/surti-ort.cl\/index.php\/wp-json\/wp\/v2\/product"}],"about":[{"href":"https:\/\/surti-ort.cl\/index.php\/wp-json\/wp\/v2\/types\/product"}],"replies":[{"embeddable":true,"href":"https:\/\/surti-ort.cl\/index.php\/wp-json\/wp\/v2\/comments?post=2689"}],"wp:featuredmedia":[{"embeddable":true,"href":"https:\/\/surti-ort.cl\/index.php\/wp-json\/wp\/v2\/media\/2690"}],"wp:attachment":[{"href":"https:\/\/surti-ort.cl\/index.php\/wp-json\/wp\/v2\/media?parent=2689"}],"wp:term":[{"taxonomy":"product_brand","embeddable":true,"href":"https:\/\/surti-ort.cl\/index.php\/wp-json\/wp\/v2\/product_brand?post=2689"},{"taxonomy":"product_cat","embeddable":true,"href":"https:\/\/surti-ort.cl\/index.php\/wp-json\/wp\/v2\/product_cat?post=2689"},{"taxonomy":"product_tag","embeddable":true,"href":"https:\/\/surti-ort.cl\/index.php\/wp-json\/wp\/v2\/product_tag?post=2689"}],"curies":[{"name":"wp","href":"https:\/\/api.w.org\/{rel}","templated":true}]}}