{"id":2512,"date":"2024-07-19T23:39:46","date_gmt":"2024-07-19T23:39:46","guid":{"rendered":"https:\/\/surti-ort.cl\/?post_type=product&#038;p=2512"},"modified":"2024-07-19T23:39:46","modified_gmt":"2024-07-19T23:39:46","slug":"prontosan-en-gel-30ml","status":"publish","type":"product","link":"https:\/\/surti-ort.cl\/index.php\/product\/prontosan-en-gel-30ml\/","title":{"rendered":"PRONTOSAN EN GEL 30ML"},"content":{"rendered":"","protected":false},"excerpt":{"rendered":"<p><strong>Prontosan en gel para el lavado de heridas, posee una excelente capacidad de limpieza y descontaminaci\u00f3n de la superf\u00edcie tisular incluso en superficies de dif\u00edcil acceso, como cavidades, grietas o heridas profundas. Su aplicaci\u00f3n no produce dolor y es bien tolerada por los al\u00e9rgicos. Los olores desagradables de la herida desaparecen r\u00e1pidamente.<\/strong><\/p>\n","protected":false},"featured_media":2514,"comment_status":"open","ping_status":"closed","template":"","meta":{"_monsterinsights_skip_tracking":false,"_monsterinsights_sitenote_active":false,"_monsterinsights_sitenote_note":"","_monsterinsights_sitenote_category":0},"product_brand":[],"product_cat":[146,148],"product_tag":[],"class_list":{"0":"post-2512","1":"product","2":"type-product","3":"status-publish","4":"has-post-thumbnail","6":"product_cat-cuidado-de-heridas-ayudas-tecnicas","7":"product_cat-heridas","9":"first","10":"outofstock","11":"sale","12":"taxable","13":"shipping-taxable","14":"purchasable","15":"product-type-simple"},"_links":{"self":[{"href":"https:\/\/surti-ort.cl\/index.php\/wp-json\/wp\/v2\/product\/2512","targetHints":{"allow":["GET"]}}],"collection":[{"href":"https:\/\/surti-ort.cl\/index.php\/wp-json\/wp\/v2\/product"}],"about":[{"href":"https:\/\/surti-ort.cl\/index.php\/wp-json\/wp\/v2\/types\/product"}],"replies":[{"embeddable":true,"href":"https:\/\/surti-ort.cl\/index.php\/wp-json\/wp\/v2\/comments?post=2512"}],"wp:featuredmedia":[{"embeddable":true,"href":"https:\/\/surti-ort.cl\/index.php\/wp-json\/wp\/v2\/media\/2514"}],"wp:attachment":[{"href":"https:\/\/surti-ort.cl\/index.php\/wp-json\/wp\/v2\/media?parent=2512"}],"wp:term":[{"taxonomy":"product_brand","embeddable":true,"href":"https:\/\/surti-ort.cl\/index.php\/wp-json\/wp\/v2\/product_brand?post=2512"},{"taxonomy":"product_cat","embeddable":true,"href":"https:\/\/surti-ort.cl\/index.php\/wp-json\/wp\/v2\/product_cat?post=2512"},{"taxonomy":"product_tag","embeddable":true,"href":"https:\/\/surti-ort.cl\/index.php\/wp-json\/wp\/v2\/product_tag?post=2512"}],"curies":[{"name":"wp","href":"https:\/\/api.w.org\/{rel}","templated":true}]}}