{"id":2487,"date":"2024-05-30T21:19:10","date_gmt":"2024-05-30T21:19:10","guid":{"rendered":"https:\/\/surti-ort.cl\/?post_type=product&#038;p=2487"},"modified":"2024-05-30T21:19:10","modified_gmt":"2024-05-30T21:19:10","slug":"saturometro-para-adultos-blunding","status":"publish","type":"product","link":"https:\/\/surti-ort.cl\/index.php\/product\/saturometro-para-adultos-blunding\/","title":{"rendered":"Saturometro para adultos Blunding"},"content":{"rendered":"<p>Ox\u00edmetro de pulso peque\u00f1o, liviano y de f\u00e1cil traslado. El consumo del producto es muy bajo y las dos pilas provistas con el equipo pueden operar continuamente por 32 horas. El producto se apaga autom\u00e1ticamente en 6 segundos despu\u00e9s de quitar el dedo.<\/p>\n<p>Incluye lazo colgante, dos bater\u00edas y manual de instrucciones<\/p>\n<p>Modo de despliegue: Pantalla color OLED<\/p>\n<p>Bater\u00eda : 2 unidades AAA 1.5V Alcalina<\/p>\n<p>Consumo: 30mA (Normal)<\/p>\n<p>Peso aprox. : Total 50gr<\/p>\n<p>Largo : 58 mm.<\/p>\n<p>Ancho: 31 mm.<\/p>\n<p>Alto : 29 mm.<\/p>\n<p>SpO2 (Saturaci\u00f3n):<br \/>\nRango de Medida : 0-100% Resoluci\u00f3n : 1% Precisi\u00f3n : 70~100%, +\/-2%<\/p>\n<p>Frecuencia Cardiaca:<br \/>\nRango de Medida : 30-250bpm Resoluci\u00f3n : 1bpm Precisi\u00f3n : +\/- 2bpm<\/p>\n","protected":false},"excerpt":{"rendered":"<p>Ox\u00edmetro de pulso peque\u00f1o, liviano y de f\u00e1cil traslado<br \/>\nEl consumo del producto es muy bajo y las dos pilas provistas con el equipo<br \/>\npueden operar continuamente por 32 horas.<\/p>\n","protected":false},"featured_media":2488,"comment_status":"open","ping_status":"closed","template":"","meta":{"_monsterinsights_skip_tracking":false,"_monsterinsights_sitenote_active":false,"_monsterinsights_sitenote_note":"","_monsterinsights_sitenote_category":0},"product_brand":[],"product_cat":[112],"product_tag":[],"class_list":{"0":"post-2487","1":"product","2":"type-product","3":"status-publish","4":"has-post-thumbnail","6":"product_cat-equipos-medicos","8":"first","9":"instock","10":"sale","11":"taxable","12":"shipping-taxable","13":"purchasable","14":"product-type-simple"},"_links":{"self":[{"href":"https:\/\/surti-ort.cl\/index.php\/wp-json\/wp\/v2\/product\/2487","targetHints":{"allow":["GET"]}}],"collection":[{"href":"https:\/\/surti-ort.cl\/index.php\/wp-json\/wp\/v2\/product"}],"about":[{"href":"https:\/\/surti-ort.cl\/index.php\/wp-json\/wp\/v2\/types\/product"}],"replies":[{"embeddable":true,"href":"https:\/\/surti-ort.cl\/index.php\/wp-json\/wp\/v2\/comments?post=2487"}],"wp:featuredmedia":[{"embeddable":true,"href":"https:\/\/surti-ort.cl\/index.php\/wp-json\/wp\/v2\/media\/2488"}],"wp:attachment":[{"href":"https:\/\/surti-ort.cl\/index.php\/wp-json\/wp\/v2\/media?parent=2487"}],"wp:term":[{"taxonomy":"product_brand","embeddable":true,"href":"https:\/\/surti-ort.cl\/index.php\/wp-json\/wp\/v2\/product_brand?post=2487"},{"taxonomy":"product_cat","embeddable":true,"href":"https:\/\/surti-ort.cl\/index.php\/wp-json\/wp\/v2\/product_cat?post=2487"},{"taxonomy":"product_tag","embeddable":true,"href":"https:\/\/surti-ort.cl\/index.php\/wp-json\/wp\/v2\/product_tag?post=2487"}],"curies":[{"name":"wp","href":"https:\/\/api.w.org\/{rel}","templated":true}]}}