{"id":2363,"date":"2022-10-17T19:50:23","date_gmt":"2022-10-17T19:50:23","guid":{"rendered":"https:\/\/surti-ort.cl\/?post_type=product&#038;p=2363"},"modified":"2022-10-17T19:50:23","modified_gmt":"2022-10-17T19:50:23","slug":"taloneras-antiescara-blunding","status":"publish","type":"product","link":"https:\/\/surti-ort.cl\/index.php\/product\/taloneras-antiescara-blunding\/","title":{"rendered":"Taloneras Antiescara Blunding"},"content":{"rendered":"<p>La Talonera Posicionadora Antiescara Viscoel\u00e1stica (Par), es un producto altamente recomendado para pacientes postrados. Es un soporte que, cuenta con una apertura circular a nivel del tal\u00f3n que libera de presi\u00f3n y de contacto esa zona, evitando la aparici\u00f3n de Lesiones Por Presi\u00f3n y potenciando su curaci\u00f3n. Est\u00e1 fabricada en poliuretano de densidad media (21kg\/m3) y recubierta por una funda de textil reeb, superficie altamente transpirable que deja pasar el aire, y que act\u00faa disminuyendo el riesgo de humedad en la zona de contacto.<\/p>\n<p>Indicaciones:<\/p>\n<p>Pacientes postrados.<br \/>\nPacientes con problemas de circulaci\u00f3n y\/o termo regulaci\u00f3n.<br \/>\nPacientes con pie diab\u00e9tico.<br \/>\nPacientes que permanecen en cama durante largos per\u00edodos de tiempo<\/p>\n<p>Contiene L\u00e1tex: No<\/p>\n<p>Componentes:<\/p>\n<p>2 UN taloneras antiescara viscoel\u00e1sticas con velcros para ajuste<br \/>\n2 UN almohadillas con relleno de napa de alta calidad y forradas con reeb.<br \/>\n2 UN fundas desmontables y lavables- Color gris<br \/>\nFolleto Instrucciones de Uso en Espa\u00f1ol<\/p>\n<p>Beneficios:<\/p>\n<p>Elimina los puntos de alta presi\u00f3n, favoreciendo una mejor circulaci\u00f3n sangu\u00ednea.<br \/>\nAlivio del dolor.<br \/>\nIdeal para cuando requiera estar largos periodos de tiempo con las extremidades inferiores inm\u00f3viles.<br \/>\nPromueve y facilita la rehabilitaci\u00f3n del paciente.<br \/>\nPeque\u00f1o, ligero y de f\u00e1cil transporte<br \/>\nFunda transpirable, biel\u00e1stica, extra\u00edble y lavable a m\u00e1quina. Muy c\u00f3moda y suave al<br \/>\ntacto.<br \/>\nLibre de L\u00e1tex.<br \/>\nAlto \/ Ancho \/ Largo (Cm): 32x24x11<\/p>\n<p>Peso del producto (g): 390<\/p>\n<p>Color: Gris\/Blanco<\/p>\n<p>Mantenci\u00f3n de Producto:<\/p>\n<p>Cuando el producto no est\u00e9 en uso, debe guardarse en su cubierta protectora, resguardado de aire<br \/>\nfrio, calor o humedades extremas<br \/>\nPara lavar, separar la funda de la base viscoel\u00e1stica.<br \/>\nLavar la funda a mano hasta 40 aC, con detergente suave, y secar a la sombra<br \/>\nLimpie con productos neutros, seque cuidadosamente y con movimientos suaves, todos los<br \/>\ncomponentes.<br \/>\nNo use limpiadores abrasivos ni vol\u00e1tiles.<br \/>\nLavado manual hasta 40 \u00b0C No lavar con lej\u00eda<br \/>\nNo planchar<\/p>\n<p>No utilizar limpieza qu\u00edmica\/lavado en seco<br \/>\nEl producto se debe almacenar seco y protegido de la luz solar directa<br \/>\nNo almacene el producto directamente en el piso, o junto a radiadores u otras fuentes de calor<br \/>\nPara facilitar el almacenamiento del producto se pueden apilar unos encima de otros. Sin embargo, para evitar da\u00f1os en el canal para piernas, nunca guarde art\u00edculos pesados encima de este producto<br \/>\nRevise frecuentemente la integridad de las partes y piezas del producto Evite mojar o airear la espuma viscoel\u00e1stica o coj\u00edn base.<\/p>\n","protected":false},"excerpt":{"rendered":"<p>La Talonera Posicionadora Antiescara Viscoel\u00e1stica (Par), es un producto altamente recomendado para pacientes postrados. Es un soporte que, cuenta con una apertura circular a nivel del tal\u00f3n que libera de presi\u00f3n y de contacto esa zona, evitando la aparici\u00f3n de Lesiones Por Presi\u00f3n y potenciando su curaci\u00f3n. Est\u00e1 fabricada en poliuretano de densidad media (21kg\/m3) y recubierta por una funda de textil reeb, superficie altamente transpirable que deja pasar el aire, y que act\u00faa disminuyendo el riesgo de humedad en la zona de contacto.<\/p>\n","protected":false},"featured_media":2364,"comment_status":"open","ping_status":"closed","template":"","meta":{"_monsterinsights_skip_tracking":false,"_monsterinsights_sitenote_active":false,"_monsterinsights_sitenote_note":"","_monsterinsights_sitenote_category":0},"product_brand":[],"product_cat":[109,106,124,94,97],"product_tag":[],"class_list":{"0":"post-2363","1":"product","2":"type-product","3":"status-publish","4":"has-post-thumbnail","6":"product_cat-cuidado-de-heridas","7":"product_cat-cuidado-de-pies","8":"product_cat-movilidad","9":"product_cat-ortopedia-y-rehabilitacion","10":"product_cat-tobillo-y-pie-ortopedia-y-rehabilitacion","12":"first","13":"instock","14":"sale","15":"taxable","16":"shipping-taxable","17":"purchasable","18":"product-type-simple"},"_links":{"self":[{"href":"https:\/\/surti-ort.cl\/index.php\/wp-json\/wp\/v2\/product\/2363","targetHints":{"allow":["GET"]}}],"collection":[{"href":"https:\/\/surti-ort.cl\/index.php\/wp-json\/wp\/v2\/product"}],"about":[{"href":"https:\/\/surti-ort.cl\/index.php\/wp-json\/wp\/v2\/types\/product"}],"replies":[{"embeddable":true,"href":"https:\/\/surti-ort.cl\/index.php\/wp-json\/wp\/v2\/comments?post=2363"}],"wp:featuredmedia":[{"embeddable":true,"href":"https:\/\/surti-ort.cl\/index.php\/wp-json\/wp\/v2\/media\/2364"}],"wp:attachment":[{"href":"https:\/\/surti-ort.cl\/index.php\/wp-json\/wp\/v2\/media?parent=2363"}],"wp:term":[{"taxonomy":"product_brand","embeddable":true,"href":"https:\/\/surti-ort.cl\/index.php\/wp-json\/wp\/v2\/product_brand?post=2363"},{"taxonomy":"product_cat","embeddable":true,"href":"https:\/\/surti-ort.cl\/index.php\/wp-json\/wp\/v2\/product_cat?post=2363"},{"taxonomy":"product_tag","embeddable":true,"href":"https:\/\/surti-ort.cl\/index.php\/wp-json\/wp\/v2\/product_tag?post=2363"}],"curies":[{"name":"wp","href":"https:\/\/api.w.org\/{rel}","templated":true}]}}