{"id":2218,"date":"2022-08-18T21:31:50","date_gmt":"2022-08-18T21:31:50","guid":{"rendered":"https:\/\/surti-ort.cl\/?post_type=product&#038;p=2218"},"modified":"2022-08-30T13:17:30","modified_gmt":"2022-08-30T13:17:30","slug":"guantes-de-compresion-para-artritis","status":"publish","type":"product","link":"https:\/\/surti-ort.cl\/index.php\/product\/guantes-de-compresion-para-artritis\/","title":{"rendered":"GUANTES DE COMPRESION PARA ARTRITIS"},"content":{"rendered":"<p>FUNCI\u00d3N: -Alivia el dolor de los dedos y las manos del reumatoide, la osteoartritis, el RSI, el t\u00fanel carpiano, la tendinitis, etc<br \/>\nCOMIENCE A APOYAR SU ESFUERZO Y M\u00daLTIPLES M\u00daSCULOS, TENDONES Y ARTICULACIONES: los guantes de artritis de compresi\u00f3n de cobre est\u00e1n dise\u00f1ados para brindar comodidad durante todo el d\u00eda y toda la noche para ayudarlo a obtener el apoyo que necesita. Com\u00fanmente utilizado por personas que sufren dolor en las manos, artritis, t\u00fanel carpiano, tendinitis, rigidez o dolor muscular, tendones y articulaciones, \u00a1y m\u00e1s!<br \/>\nMANTENGA SUS ARTICULACIONES, TENDONES Y M\u00daSCULOS C\u00c1LIDOS TODO EL D\u00cdA con nuestra tela ultra c\u00f3moda que le brinda soporte mientras le PERMITE CONSERVAR SU GAMA DE MOVIMIENTO. Esto es extremadamente importante porque al retener su rango de movimiento, sus m\u00fasculos pueden continuar trabajando y fortaleci\u00e9ndose.<br \/>\nPara m\u00e1s variedad de productos y colores revisa nuestro catalogo.<\/p>\n<p>ESTE PRODUCTO ESTA DISPONIBLE EN NUESTRAS TIENDAS FISICAS<\/p>\n<p>&nbsp;<\/p>\n","protected":false},"excerpt":{"rendered":"<p>Guantes de compresi\u00f3n de uso diario dise\u00f1ado para el alivio del dolor, inflamaci\u00f3n y movilidad de tus manos y dedos. Permite volver a realizar con normalidad las tareas que se dificultan por los s\u00edntomas asociados a enfermedades cr\u00f3nicas, post operatorios o lesiones en las articulaciones.<\/p>\n<p>COPIAPO 797<\/p>\n<p>COQUIMBO 836<\/p>\n<p>JOSE SANTOS OSSA 2701<\/p>\n","protected":false},"featured_media":2220,"comment_status":"open","ping_status":"closed","template":"","meta":{"_monsterinsights_skip_tracking":false,"_monsterinsights_sitenote_active":false,"_monsterinsights_sitenote_note":"","_monsterinsights_sitenote_category":0},"product_brand":[],"product_cat":[98,85],"product_tag":[],"class_list":{"0":"post-2218","1":"product","2":"type-product","3":"status-publish","4":"has-post-thumbnail","6":"product_cat-ayudas-tecnicas","7":"product_cat-fijador-de-dedo","8":"pa_talla-talla-l","9":"pa_talla-talla-m","10":"pa_talla-talla-s","11":"pa_talla-talla-xl","13":"first","14":"instock","15":"sale","16":"taxable","17":"shipping-taxable","18":"purchasable","19":"product-type-variable"},"_links":{"self":[{"href":"https:\/\/surti-ort.cl\/index.php\/wp-json\/wp\/v2\/product\/2218","targetHints":{"allow":["GET"]}}],"collection":[{"href":"https:\/\/surti-ort.cl\/index.php\/wp-json\/wp\/v2\/product"}],"about":[{"href":"https:\/\/surti-ort.cl\/index.php\/wp-json\/wp\/v2\/types\/product"}],"replies":[{"embeddable":true,"href":"https:\/\/surti-ort.cl\/index.php\/wp-json\/wp\/v2\/comments?post=2218"}],"wp:featuredmedia":[{"embeddable":true,"href":"https:\/\/surti-ort.cl\/index.php\/wp-json\/wp\/v2\/media\/2220"}],"wp:attachment":[{"href":"https:\/\/surti-ort.cl\/index.php\/wp-json\/wp\/v2\/media?parent=2218"}],"wp:term":[{"taxonomy":"product_brand","embeddable":true,"href":"https:\/\/surti-ort.cl\/index.php\/wp-json\/wp\/v2\/product_brand?post=2218"},{"taxonomy":"product_cat","embeddable":true,"href":"https:\/\/surti-ort.cl\/index.php\/wp-json\/wp\/v2\/product_cat?post=2218"},{"taxonomy":"product_tag","embeddable":true,"href":"https:\/\/surti-ort.cl\/index.php\/wp-json\/wp\/v2\/product_tag?post=2218"}],"curies":[{"name":"wp","href":"https:\/\/api.w.org\/{rel}","templated":true}]}}