{"id":2172,"date":"2022-08-13T22:46:02","date_gmt":"2022-08-13T22:46:02","guid":{"rendered":"https:\/\/surti-ort.cl\/?post_type=product&#038;p=2172"},"modified":"2024-10-23T00:31:55","modified_gmt":"2024-10-23T00:31:55","slug":"grua-electrica-de-asistencia-para-traslado-de-pacientes","status":"publish","type":"product","link":"https:\/\/surti-ort.cl\/index.php\/product\/grua-electrica-de-asistencia-para-traslado-de-pacientes\/","title":{"rendered":"Grua Electrica De Asistencia Para Traslado De Pacientes"},"content":{"rendered":"<p>La base perfil rectangular de 38.1mm x 63.5mm, recubierta de pintura en polvo electroest\u00e1tico.<\/p>\n<p>Utiliza un cilindro de elevaci\u00f3n el\u00e9ctrico de origen Dan\u00e9s, marca LINAK, de calidad estable, alta confiabilidad y seguridad.<br \/>\nBase en forma de U con \u00e1ngulo de solapa ajustable para garantizar la seguridad en la operaci\u00f3n.<br \/>\nM\u00e1xima apertura 800mm.<br \/>\nAltura m\u00ednima 850mm, altura m\u00e1xima 1750mm.<br \/>\nVoltaje DC24V.<br \/>\nMotor 24V\/8000N<br \/>\nNivel de ruido 65db.<br \/>\nCarga m\u00e1xima 185kg.<br \/>\nRuedas delanteras de 3 pulg, ruedas traseras con freno de 4 pulg.<br \/>\nParada de emergencia.<br \/>\nControl remoto al\u00e1mbrico y opci\u00f3n botonera.<br \/>\nIncluye Arn\u00e9s de tela Oxford lavable.<br \/>\nPeso total 45kg.<\/p>\n","protected":false},"excerpt":{"rendered":"<p>Caracter\u00edsticas<br \/>\nUtilizada para desplazar pacientes entre la cama, silla de ruedas, ba\u00f1o y auto, etc. Gran ayuda a asistentes de lesiones y garantizar la seguridad del paciente:<\/p>\n<p>&nbsp;<\/p>\n<p><strong>visita nuestra tienda\u00a0 en\u00a0<\/strong><\/p>\n<p><strong>calle coquimbo 836 antofagasta<\/strong><\/p>\n","protected":false},"featured_media":2173,"comment_status":"open","ping_status":"closed","template":"","meta":{"_monsterinsights_skip_tracking":false,"_monsterinsights_sitenote_active":false,"_monsterinsights_sitenote_note":"","_monsterinsights_sitenote_category":0},"product_brand":[],"product_cat":[128,124,105],"product_tag":[],"class_list":{"0":"post-2172","1":"product","2":"type-product","3":"status-publish","4":"has-post-thumbnail","6":"product_cat-cama-clinica","7":"product_cat-movilidad","8":"product_cat-sillas-de-ruedas","10":"first","11":"outofstock","12":"sale","13":"taxable","14":"shipping-taxable","15":"purchasable","16":"product-type-simple"},"_links":{"self":[{"href":"https:\/\/surti-ort.cl\/index.php\/wp-json\/wp\/v2\/product\/2172","targetHints":{"allow":["GET"]}}],"collection":[{"href":"https:\/\/surti-ort.cl\/index.php\/wp-json\/wp\/v2\/product"}],"about":[{"href":"https:\/\/surti-ort.cl\/index.php\/wp-json\/wp\/v2\/types\/product"}],"replies":[{"embeddable":true,"href":"https:\/\/surti-ort.cl\/index.php\/wp-json\/wp\/v2\/comments?post=2172"}],"wp:featuredmedia":[{"embeddable":true,"href":"https:\/\/surti-ort.cl\/index.php\/wp-json\/wp\/v2\/media\/2173"}],"wp:attachment":[{"href":"https:\/\/surti-ort.cl\/index.php\/wp-json\/wp\/v2\/media?parent=2172"}],"wp:term":[{"taxonomy":"product_brand","embeddable":true,"href":"https:\/\/surti-ort.cl\/index.php\/wp-json\/wp\/v2\/product_brand?post=2172"},{"taxonomy":"product_cat","embeddable":true,"href":"https:\/\/surti-ort.cl\/index.php\/wp-json\/wp\/v2\/product_cat?post=2172"},{"taxonomy":"product_tag","embeddable":true,"href":"https:\/\/surti-ort.cl\/index.php\/wp-json\/wp\/v2\/product_tag?post=2172"}],"curies":[{"name":"wp","href":"https:\/\/api.w.org\/{rel}","templated":true}]}}