{"id":2007,"date":"2022-08-07T02:06:58","date_gmt":"2022-08-07T02:06:58","guid":{"rendered":"https:\/\/surti-ort.cl\/?post_type=product&#038;p=2007"},"modified":"2024-09-29T19:34:21","modified_gmt":"2024-09-29T19:34:21","slug":"andador-aluminio-plegable-2-ruedas-delanteras","status":"publish","type":"product","link":"https:\/\/surti-ort.cl\/index.php\/product\/andador-aluminio-plegable-2-ruedas-delanteras\/","title":{"rendered":"Andador Aluminio Plegable 2 Ruedas Delanteras"},"content":{"rendered":"<h1 class=\"product-title\"><strong>Andador Aluminio Plegable 2 Ruedas Delanteras<\/strong><\/h1>\n<p>&nbsp;<\/p>\n<div class=\"text-box\">\nNuestro andador de aluminio plegable es extremadamente conveniente a la hora de trasladarlo, almacenarlo o limpiarlo, pues es sumamente f\u00e1cil de accionar, cuenta con dos ruedas delanteras para facilitar la movilidad y se apoya en dos regatones en la parte trasera de las patas para mayor estabilidad.<\/p>\n<p>Est\u00e1 fabricado en aluminio ultraligero de alta resistencia, que combina el peso perfecto con una excelente durabilidad. Otro aspecto esencial son los pu\u00f1os de agarre acolchados que permitir\u00e1n usarlos por largas horas sin sufrir de incomodidad en las manos.<\/p>\n<ul>\n<li style=\"list-style-type: none;\">\n<ul>\n<li>Altura regulable en incrementos de 2,5 cm<\/li>\n<\/ul>\n<\/li>\n<\/ul>\n<ul>\n<li style=\"list-style-type: none;\">\n<ul>\n<li>Topes de goma antideslizante<\/li>\n<\/ul>\n<\/li>\n<\/ul>\n<ul>\n<li style=\"list-style-type: none;\">\n<ul>\n<li>Patas delanteras con ruedas de Vinilo de 13 cm de di\u00e1metro<\/li>\n<\/ul>\n<\/li>\n<\/ul>\n<ul>\n<li style=\"list-style-type: none;\">\n<ul>\n<li>Empu\u00f1aduras de espuma<\/li>\n<\/ul>\n<\/li>\n<\/ul>\n<ul>\n<li style=\"list-style-type: none;\">\n<ul>\n<li><strong>Dimensiones Aprox:<\/strong><\/li>\n<\/ul>\n<\/li>\n<\/ul>\n<ul>\n<li style=\"list-style-type: none;\">\n<ul>\n<li>Ancho: \u00a058 cm<\/li>\n<\/ul>\n<\/li>\n<\/ul>\n<ul>\n<li style=\"list-style-type: none;\">\n<ul>\n<li>Profundidad: 51 cm<\/li>\n<\/ul>\n<\/li>\n<\/ul>\n<ul>\n<li>Altura: Regulable desde 79 cm hasta 94 cm<\/li>\n<\/ul>\n<\/div>\n","protected":false},"excerpt":{"rendered":"<h3>Descripcion<\/h3>\n<div class=\"std\">Los andadores aumentan considerablemente la base de sustentaci\u00f3n y, por tanto, la estabilidad y el equilibrio del paciente. Son perfectos para devolver cierta autonom\u00eda y darle mayor movilidad al usuario, permiti\u00e9ndole desplazarse d\u00eda a d\u00eda con m\u00e1s confianza.<\/div>\n","protected":false},"featured_media":2008,"comment_status":"open","ping_status":"closed","template":"","meta":{"_monsterinsights_skip_tracking":false,"_monsterinsights_sitenote_active":false,"_monsterinsights_sitenote_note":"","_monsterinsights_sitenote_category":0},"product_brand":[],"product_cat":[124,105],"product_tag":[],"class_list":{"0":"post-2007","1":"product","2":"type-product","3":"status-publish","4":"has-post-thumbnail","6":"product_cat-movilidad","7":"product_cat-sillas-de-ruedas","9":"first","10":"instock","11":"sale","12":"taxable","13":"shipping-taxable","14":"purchasable","15":"product-type-simple"},"_links":{"self":[{"href":"https:\/\/surti-ort.cl\/index.php\/wp-json\/wp\/v2\/product\/2007","targetHints":{"allow":["GET"]}}],"collection":[{"href":"https:\/\/surti-ort.cl\/index.php\/wp-json\/wp\/v2\/product"}],"about":[{"href":"https:\/\/surti-ort.cl\/index.php\/wp-json\/wp\/v2\/types\/product"}],"replies":[{"embeddable":true,"href":"https:\/\/surti-ort.cl\/index.php\/wp-json\/wp\/v2\/comments?post=2007"}],"wp:featuredmedia":[{"embeddable":true,"href":"https:\/\/surti-ort.cl\/index.php\/wp-json\/wp\/v2\/media\/2008"}],"wp:attachment":[{"href":"https:\/\/surti-ort.cl\/index.php\/wp-json\/wp\/v2\/media?parent=2007"}],"wp:term":[{"taxonomy":"product_brand","embeddable":true,"href":"https:\/\/surti-ort.cl\/index.php\/wp-json\/wp\/v2\/product_brand?post=2007"},{"taxonomy":"product_cat","embeddable":true,"href":"https:\/\/surti-ort.cl\/index.php\/wp-json\/wp\/v2\/product_cat?post=2007"},{"taxonomy":"product_tag","embeddable":true,"href":"https:\/\/surti-ort.cl\/index.php\/wp-json\/wp\/v2\/product_tag?post=2007"}],"curies":[{"name":"wp","href":"https:\/\/api.w.org\/{rel}","templated":true}]}}